6
Let h(i) = -i**2 - 8*i + 30. What is h(5)?
-35
Let r(d) = 4*d**2 - 157*d + 33. Calculate r(34).
-681
Let v(w) = -8*w**2 - 4*w + 13. What is v(2)?
-27
Let a(s) = -17*s**3 - 102*s**2 - 11*s - 80. Give a(-6).
-14
Let w(z) = 290*z - 1440. Give w(5).
10
Let q(l) = -66*l**2 - 8777*l + 131. Calculate q(-133).
-2
Let s(t) = 2*t**2 + 35*t + 90. Determine s(-13).
-27
Let o(c) = 55*c - 7761. Determine o(141).
-6
Let v(d) = -44*d + 3516. Calculate v(80).
-4
Let o(i) = i**3 - 13*i**2 - 2*i + 289. Give o(12).
121
Let t(v) = -2*v**2 - 58*v + 59. Calculate t(-28).
115
Let o(d) = 118*d - 321. Determine o(3).
33
Let w(z) = -z**2 - 25*z - 106. What is w(-15)?
44
Let p(a) = -a**3 + 7*a**2 - 80*a + 650. Calculate p(8).
-54
Let j(m) = -m**3 - 38*m**2 - 3*m - 145. What is j(-38)?
-31
Let r(k) = 24*k + 21. Determine r(-3).
-51
Let j(d) = d**2 + 85*d - 3739. Give j(-117).
5
Let j(m) = -2*m**2 - 35*m + 18. Calculate j(-17).
35
Let v(h) = 36*h**3 + 4*h**2 - 9*h + 10. What is v(2)?
296
Let f(c) = -10*c**2 + 267*c + 120. Determine f(28).
-244
Let l(x) = 1143*x + 25138. What is l(-22)?
-8
Let k(t) = -2*t**3 - 266*t**2 + 268*t + 40. Give k(-134).
40
Let b(s) = -43*s + 3284. What is b(77)?
-27
Let n(m) = -3*m**3 - 22*m**2 + 4*m + 76. Calculate n(-7).
-1
Let x(d) = 201*d - 62520. Give x(311).
-9
Let w(d) = -d**3 - 10*d**2 - 37*d - 136. Determine w(-7).
-24
Let h(n) = 15*n**2 + 20*n - 41. What is h(2)?
59
Let w(h) = -20*h - 33. Give w(-7).
107
Let j(d) = -d**3 + 70*d**2 - 73*d + 256. What is j(69)?
-20
Let f(x) = x**3 + 15*x**2 + 18*x - 14. Calculate f(-13).
90
Let m(f) = -29*f - 169. Give m(-5).
-24
Let v(y) = -y**3 - 21*y**2 + 97*y - 100. Determine v(-25).
-25
Let p(w) = -w**2 + 31*w + 20. Calculate p(30).
50
Let a(h) = h**2 - 18*h - 15. What is a(16)?
-47
Let v(f) = -f**3 - 62*f**2 - 595*f + 59. Calculate v(-12).
-1
Let b(z) = -15*z + 45. Calculate b(2).
15
Let l(u) = -u**2 - 45*u - 415. Determine l(-13).
1
Let o(c) = 2*c**3 + 13*c**2 - 48*c + 4. Determine o(4).
148
Let l(p) = 57*p - 1108. What is l(19)?
-25
Let z(d) = d**2 - 117*d + 775. What is z(7)?
5
Let b(s) = -72*s - 1732. Determine b(-23).
-76
Let w(f) = -106*f - 1690. Calculate w(-16).
6
Let h(w) = -204*w + 5300. What is h(26)?
-4
Let c(b) = 5*b**2 + 184*b + 889. Give c(-5).
94
Let n(m) = -m**3 + 30*m**2 - 40*m + 374. Calculate n(29).
55
Let k(g) = -g**3 - 52*g**2 - 96*g + 224. What is k(-50)?
24
Let k(m) = m**3 + 104*m**2 - 100*m + 520. What is k(-105)?
-5
Let t(p) = 2*p**2 + 95*p - 2450. Give t(-66).
-8
Let b(i) = -i**2 - 207*i + 64643. Calculate b(171).
5
Let k(s) = -71*s**3 - 2*s**2 + 2. Give k(1).
-71
Let f(c) = -2*c**3 - 7*c**2 - c - 163. Calculate f(0).
-163
Let g(s) = 3*s**2 + 140*s - 15. Give g(-47).
32
Let y(l) = -l**3 - 9*l**2 - 88*l - 797. Determine y(-9).
-5
Let p(j) = -96*j - 2. What is p(1)?
-98
Let z(m) = 4*m**3 + 749*m**2 + 183*m - 759. Calculate z(-187).
-11
Let p(x) = 2*x**3 + 169*x**2 + 83*x - 121. Determine p(-84).
-37
Let s(i) = -i**3 + 107*i**2 - 104*i - 210. What is s(106)?
2
Let t(g) = -g**2 - 4*g + 13. Determine t(-12).
-83
Let t(c) = -c**2 - 8*c + 401. Determine t(-25).
-24
Let m(k) = 2*k**2 - 93*k + 1038. Determine m(19).
-7
Let k(l) = 71*l**2 - 479*l - 101. Give k(7).
25
Let d(x) = 5*x**2 - 35*x + 83. Determine d(8).
123
Let u(k) = -346*k**2 - 8649*k - 30. What is u(-25)?
-55
Let r(z) = z**3 - 40*z**2 + 122*z - 1747. Give r(38).
1
Let x(s) = -2*s + 60. Determine x(1).
58
Let p(r) = -r**3 - 14*r**2 - 51*r - 279. Calculate p(-11).
-81
Let x(v) = -2*v**3 + 5*v**2 + 4*v - 13. What is x(-2)?
15
Let b(c) = 124*c - 78. Determine b(-4).
-574
Let t(c) = 5*c**2 + 176*c - 352. What is t(-37)?
-19
Let h(r) = -77*r + 359. Calculate h(5).
-26
Let c(t) = -t**2 + 306*t + 914. Calculate c(-3).
-13
Let p(u) = -u**3 - 9*u**2 - 33*u - 126. What is p(-7)?
7
Let x(y) = y**3 - 3*y**2 + 4290*y + 5. Calculate x(0).
5
Let b(u) = u**3 + 4*u**2 - 23*u - 91. Determine b(-6).
-25
Let s(w) = w**2 - 28*w - 3. Calculate s(23).
-118
Let c(m) = 393*m - 413. Give c(1).
-20
Let m(j) = -j**2 + 83*j + 787. What is m(-9)?
-41
Let u(q) = -130*q - 9755. Calculate u(-75).
-5
Let x(k) = -29*k**2 + 56*k - 7. What is x(7)?
-1036
Let x(l) = 20*l**2 + 96*l - 388. Calculate x(4).
316
Let h(c) = 2*c**3 - 6*c**2 - 116*c - 53. What is h(-6)?
-5
Let l(j) = -6*j**3 + 18*j**2 + 2*j - 11. Give l(3).
-5
Let c(j) = -2*j + 214. What is c(30)?
154
Let l(v) = 7*v + 399. Calculate l(-57).
0
Let s(z) = 2*z**2 - 64*z - 1031. Calculate s(44).
25
Let d(s) = -s**2 + 85*s + 5217. Determine d(-41).
51
Let f(o) = o**3 + 100*o**2 + 735*o - 3. Give f(-8).
5
Let k(t) = -11*t + 217. Give k(21).
-14
Let p(y) = -12*y**2 + 319*y + 560. What is p(28)?
84
Let l(s) = -31*s**2 - 163*s - 163. What is l(-1)?
-31
Let a(i) = 2*i**3 + 30*i**2 - 15*i - 62. Determine a(-15).
163
Let q(b) = b**3 - 63*b**2 - 643*b + 43. Calculate q(-9).
-2
Let q(o) = 4*o**2 - 22*o - 173. Give q(10).
7
Let f(y) = 2*y**2 - 11*y + 11. Calculate f(3).
-4
Let y(v) = -v**3 + 94*v**2 - 96*v + 421. What is y(93)?
142
Let q(x) = 8*x + 127. What is q(-30)?
-113
Let s(u) = -80*u**2 + 19*u - 10. Calculate s(1).
-71
Let c(t) = -t**2 + 25*t + 91. Determine c(24).
115
Let n(v) = -2*v**2 + 40*v + 585. What is n(32)?
-183
Let s(i) = i**3 - 91*i**2 + 731*i + 65. Determine s(9).
2
Let l(h) = -21*h + 55. What is l(-3)?
118
Let c(u) = -178*u - 702. What is c(-4)?
10
Let s(k) = k**2 + 8*k - 18. Calculate s(-7).
-25
Let f(i) = 2*i**2 - 3*i + 26. Give f(4).
46
Let g(y) = -2*y**3 + 7*y**2 + 18*y - 24. Give g(6).
-96
Let j(k) = -k**3 - 68*k**2 - 986*k - 82. Give j(-47).
-129
Let j(d) = -4951*d + 79200. Calculate j(16).
-16
Let v(y) = 632*y - 631. Determine v(1).
1
Let z(t) = -4*t**2 - 51*t + 61. Give z(-14).
-9
Let a(v) = -v**3 + 7*v**2 + 956*v - 6686. Calculate a(7).
6
Let f(s) = -s**3 + 56*s**2 + 6. Determine f(0).
6
Let v(w) = -w**2 + 50*w - 109. Give v(46).
75
Let f(m) = -6*m**2 - 108*m + 8. Determine f(-18).
8
Let y(f) = 5*f + 94. Give y(9).
139
Let l(q) = q**3 - 14*q**2 - 31*q - 25. Calculate l(16).
-9
Let j(l) = -3*l**3 + 62*l**2 - 42*l - 5. Calculate j(20).
-45
Let o(c) = -15*c**2 - 39*c + 30. What is o(5)?
-540
Let w(z) = 1730*z - 39784. Calculate w(23).
6
Let q(r) = -132*r**2 - 4*r - 4. What is q(-1)?
-132
Let o(p) = 2*p**2 + 140*p + 1563. What is o(-56)?
-5
Let t(n) = 366*n + 23434. Determine t(-64).
10
Let l(w) = w**3 - 95*w**2 - 30*w + 2858. Give l(95).
8
Let j(n) = 4*n**2 + 106*n + 322. Calculate j(-23).
0
Let p(c) = c**3 - 89*c**2 + 68*c + 2136. Calculate p(88).
376
Let d(l) = 4*l**3 - 247*l**2 - 314*l - 59. Determine d(63).
4
Let f(p) = 893*p + 6311. What is f(-7)?
60
Let m(w) = w**3 - 16*w**2 + 48*w + 21. Give m(7).
-84
Let l(y) = -y**2 + 17*y - 15. Give l(1).
1
Let y(f) = -22*f + 534. Determine y(30).
-126
Let x(m) = -m**3 + 13*m**2 - 17*m - 48. What is x(11)?
7
Let y(i) = i**3 + 110*i**2 - 18*i - 2131. What is y(-110)?
-151
Let m(a) = -a**3 - 202*a**2 + 203*a - 73. Give m(-203).
-73
Let n(f) = -f**2 + 5*f + 348. Determine n(-13).
114
Let s(c) = c**3 + 28*c**2 + 50*c + 26. Determine s(-26).
78
Let g(w) = -w**2 + 40*w + 1850. What is g(66)?
134
Let m(v) = -166*v - 1497. Determine m(-9).
-3
Let k(m) = 5*m**2 + 547*m + 193. Give k(-109).
-25
Let h(i) = -i**2 + 79*i - 1383. Determine h(53).
-5
Let f(i) = 2528*i + 20220. What is f(-8)?
-4
Let s(g) = -26*g + 48. Give s(5).
-82
Let k(v) = 9*v**2 + 202*v + 1095. Determine k(-13).
-10
Let r(k) = -7*k**2 - 108*k - 392. Calculate r(-6).
4
Let q(l) = -l**2 - 53*l + 6. Determine q(-55).
-104
Let a(l) = 19*l**3 - 150*l**2 - 4*l - 86. Give a(8).
10
Let l(r) = 110*r - 236. Calculate l(2).
-16
Let m(k) = -22*k**2 - 246*k - 29. What is m(-11)?
15
Let p(x) = -x**2 - 2*x + 50. Give p(-13).
-93
Let b(t) = t**3 - 36*t**2 + 53*t + 42. What is b(35)?
672
Let p(i) = -436*i - 3052. What is p(-7)?
0
Let l(q) = 4*q**3 - 23*q**2 - 9*q + 22. Determine l(6).
4
Let x(m) = 60*m + 644. Calculate x(-11).
-16
Let q(v) = -71*v - 13. Determine q(1).
-84
Let s(p) = 2*p**3 - 196*p**2 + 195*p - 39. Calculate s(97).
58
Let n(g) = 1431*g + 2810. What is n(-2)?
-52
Let y(p) = -p**3 - 24*p**2 - 76*p + 3. Determine y(-4).
-13
Let p(c) = 210*c + 14290. What is p(-68)?
10
Let r(j) = -7*j**3 + 17*j + 101. What is r(-4)?
481
Let d(l) = -180*l**2 - 3*l + 2. What is d(1)?
-181
Let y(b) = 8439*b